s (-1)/3*(n - 0) a composite number?
False
Let w = -38 - -135. Suppose 5*y - 138 = w. Is y composite?
False
Let y(v) = v**3 + v**2 + 1927. Is y(0) a prime number?
False
Suppose 5*c - 13 - 7 = 0. Is (3 + -329)/(c/(-2)) a composite number?
False
Let b(f) = 8*f**3 + 5*f**2 + 4*f + 4. Is b(5) composite?
True
Let l(d) = -d**3 + 12*d**2 + 13*d. Let c be l(13). Suppose -4*x + 104 = -c*x. Is x a composite number?
True
Let v(t) = 5*t**2 - 1. Let f be v(1). Suppose 38 = f*j - 162. Suppose -535 + j = -5*n. Is n composite?
False
Suppose -52 = 2*x - 1532. Suppose 4*p = -3*m + 407, -x + 202 = -4*m - 3*p. Is m a prime number?
False
Suppose h - 3 = 4*l - 7, -l - 2*h = -10. Let a be (12 - 0)/((-2)/(-3)). Suppose -l*w = -26 - a. Is w a prime number?
False
Let b(m) be the third derivative of m**6/20 - 2*m**5/15 + m**4/8 - m**3/3 + 4*m**2. Is b(5) composite?
False
Let p = -80 - -211. Is p prime?
True
Suppose 0 = -4*j + j - 5*p + 445, p + 4 = 0. Is j composite?
True
Let a be 22/10 + (-1)/5. Suppose a*r - 122 = 4*h, -3*r + h = -2*h - 168. Is r a prime number?
False
Is (1*-2231 - (0 - 0))*-1 a composite number?
True
Let t = -109 - -232. Is t prime?
False
Let l = 20 - 28. Let b be 42/8 - (-2)/l. Suppose -b*z = -3*a + 6*a - 56, -4*a + 1 = z. Is z a prime number?
True
Let o = -1555 - -2258. Is o prime?
False
Let l = 7 + -4. Suppose -l*n + 609 = 2*t, n = 5*n + 3*t - 811. Is n composite?
True
Let s = -6 + 5. Is s/((-2)/254 + 0) composite?
False
Suppose 6*j - 8*j = -2086. Is j composite?
True
Let r(s) = 102*s - 5. Is r(3) a prime number?
False
Suppose 0 = -h - 4*u - 4, -5*h - 2*u + 3*u + 22 = 0. Let s = -17 - -91. Suppose -258 - s = -h*l. Is l prime?
True
Let y(k) = 112*k + 25. Is y(18) a composite number?
True
Suppose 0 = -9*m + 7*m + 1270. Is m composite?
True
Suppose 0 = -0*v - 4*v + 1660. Let t be (-28)/(-6)*6/7. Suppose -t*z = -9*z + v. Is z a composite number?
False
Suppose -5*s = -2*x + 224, 5*x - s + 6*s = 630. Let l = -18 + 21. Suppose f - l*c = 67, 2*f - 3*c - x = -0*c. Is f prime?
False
Let m = -22 - -22. Suppose -3*z = -2*r + 2, 2*z + 2 = 4*z + 2*r. Suppose z = p - 0*p + 5*q - 234, -5*p - 3*q + 1192 = m. Is p a composite number?
False
Suppose 3*u + 4*l = 236, -3 = -3*l + 6*l. Let t = -47 + u. Is t a composite number?
True
Suppose -5*n + 1060 = w, w + 174 = 4*n - 665. Is n composite?
False
Suppose 0 = -3*b + 2*p - 0*p + 12, b + 2*p - 4 = 0. Suppose -d + n = -2*n - 415, b*d + 3*n - 1720 = 0. Is d a prime number?
False
Let h(j) = 4*j**2 + 2*j. Let s be h(-4). Let l be (-7)/2*9*-2. Let g = l + s. Is g a prime number?
False
Let v(h) = h + 8. Let m be v(-4). Let w be (2/m)/(2/12). Suppose 0 = 2*q - w*q + 25. Is q a composite number?
True
Let p = -6 - -12. Let h(q) = 3*q**3 - 3*q + 1 - 5*q**2 - 2*q**3 + 0. Is h(p) composite?
False
Suppose 0 = -j + 4 - 1, -3*w = -2*j - 6. Let g = -2 - 1. Let n = w - g. Is n a prime number?
True
Let i(d) = -d**2 - 3*d + 9. Let f(x) = x**2 + 3*x - 9. Let w(q) = 5*f(q) + 4*i(q). Is w(-8) composite?
False
Let o = 48 + 18. Let i = o + -40. Suppose 102 = 4*x + i. Is x composite?
False
Let i(j) = 8*j**2 - 8*j. Let o(q) = -8*q**2 + 9*q - 1. Let a(z) = 4*i(z) + 3*o(z). Let w = 4 - 8. Is a(w) a prime number?
False
Let n(k) = -72*k + 3. Let c be n(-1). Let u be -3*3/(9/52). Let l = c + u. Is l prime?
True
Let x(f) = f**2 + f - 1. Let g be x(2). Suppose -195 = -0*c - g*c. Is c a prime number?
False
Suppose -2*s + 3*g + 9 = 0, 2*s - g - 7 + 0 = 0. Suppose s*n = 7*n - 268. Is n a composite number?
False
Let m = -18 - -63. Let a = -26 + m. Suppose -k = -s + 30, s + 5*k - a - 35 = 0. Is s a prime number?
False
Let r = 373 + -179. Is r prime?
False
Suppose -2*v + 726 = -2*t - 226, -2375 = -5*v + 4*t. Suppose 0 = 2*y - 6 - 0. Suppose 2*q - 314 = -2*s, 0*s + 2*q = y*s - v. Is s a composite number?
False
Let f(r) = -43*r**3 + 8*r - 1. Is f(-4) composite?
False
Let t be 14/(-1 + 10/6). Suppose -t = -5*f + 14. Is f a composite number?
False
Suppose -15 = -3*s + 4*s - 4*c, 3*c = -5*s + 40. Suppose 105 = 5*z - s. Is z a composite number?
True
Let b(p) = -2*p**3 + 2*p**2 - 8*p**2 - 6 - 6*p + 3. Is b(-4) prime?
True
Let z(d) = 16*d**3 - 4*d**2. Let g be z(3). Let f = g - 265. Is f prime?
True
Let x = -1 + 4. Let n be 1/(x/8)*9. Suppose -4*g - 10 = -2*u, -2*u + 6 = g - n. Is u composite?
False
Let p(i) = 0 + 4*i - 40*i - 1 - 4. Is p(-6) prime?
True
Suppose 0 = z + 2*z + 153. Let y = 74 + z. Is y composite?
False
Is 16/88 - 3450/(-22) a prime number?
True
Let w be 1/(-3) - (-8650)/(-15). Let l = 870 + w. Is l composite?
False
Suppose 0 = -4*v + 2*p + 1376, -v + p + 162 + 184 = 0. Suppose -312 = -0*f - 3*f - 5*d, -3*f + 5*d + v = 0. Is f a composite number?
False
Suppose -3*t - 5*j - 22 = -6*t, t + 11 = -2*j. Let v(f) = -90*f**2 + f + 2. Let y(b) = -b**2 + 1. Let z(g) = -v(g) + 2*y(g). Is z(t) a composite number?
False
Let g(c) = c**2 - 1. Let p be g(5). Suppose -m - 7 = -p. Suppose -k + m = -4. Is k a prime number?
False
Let i = 5 - 0. Suppose 2*h - 5*p - 133 = h, i*h - 723 = -4*p. Is h a prime number?
False
Suppose -19 - 125 = -3*x. Let o = -50 - x. Let h = -61 - o. Is h a composite number?
False
Suppose -10 = 5*r - 3*n, -n + 0*n = 4*r - 9. Let h(g) = 50*g + 1. Is h(r) a composite number?
True
Let i = 3598 + -1316. Let l be ((-2)/(-4))/(7/i). Suppose 3*b + l = 490. Is b a composite number?
False
Suppose 2*w - 3*w = -44. Let y be (-2588)/w - (-4)/(-22). Let m = y + 90. Is m a composite number?
False
Suppose m + 3 = 3*s - 2, -13 = -3*s + 5*m. Is ((44 - -2)/2)/s a prime number?
True
Let q = 9 - -32. Suppose c - q - 33 = 0. Suppose c + 31 = 5*a. Is a prime?
False
Let l(f) = -8*f - 15. Is l(-14) composite?
False
Suppose 0 = 4*g + 3*s - 32, g + 5*s - 40 = -3*g. Suppose 3*d + 12 = 0, 4 - g = -v + d. Is (-1 + -2)/v + 13 a composite number?
True
Suppose 3*r - w - 107 = 0, 0*w = 4*r - 4*w - 132. Let j = 30 + r. Is j composite?
False
Let a(k) = k**3 - 4*k**2 - 2*k + 2. Let i be a(4). Let m = i + 11. Suppose 1 = 3*j - m. Is j composite?
False
Suppose 0 = -4*k + 3*v + 16370, k - 4416 = -3*v - 331. Is k composite?
False
Suppose -4*x + 28 = 5*m - m, -10 = -5*m. Suppose x*b + 0*b = -10. Let a(r) = -8*r**3 + 2*r**2 + 2*r - 1. Is a(b) a prime number?
True
Is 4/3*(-5274)/(-24) composite?
False
Suppose 34*q - 35*q = -16499. Is q composite?
True
Let v(x) = -x**2 + 5*x + 1. Let c be 7/(-2) - 2/(-4). Let b(z) = -2*z - 3. Let t be b(c). Is v(t) prime?
True
Let q(k) = 21*k**2 + 3*k + 3. Let z be q(-3). Is -2*(z/(-6) - 3) a composite number?
False
Suppose 2*l - 6*l + j + 2597 = 0, 5*l + 5*j = 3240. Is l a prime number?
False
Is (7/(-2))/((-4)/56) prime?
False
Let h = -5 - -8. Let q(d) = -8*d**2 + 4*d. Let b be q(h). Let n = b + 113. Is n a composite number?
False
Let s(a) = -3*a**2 - 11. Let f(d) = -d**2 - d - 1. Let m(u) = -4*f(u) + s(u). Is m(-8) composite?
True
Suppose 0 = 4*x + 4 + 4. Is x/7 - (-200)/14 a prime number?
False
Suppose 561 = -5*d - 134. Let w = d - -228. Is w a composite number?
False
Let h(x) = -x**3 + 11*x**2 + 2*x + 16. Is h(11) a composite number?
True
Let q(k) = -k**3 + 8*k**2 + 10*k - 9. Let y be q(9). Suppose -81 = -j + 4*m, 2*j - m - 120 - 56 = y. Is j prime?
True
Let n = -86 + 393. Is n a prime number?
True
Let k = 3768 - 2407. Is k composite?
False
Suppose -2179 = -9*i + 8*i. Is i prime?
True
Let b = 9 - 1. Suppose t = 2*u - 1, -t + 0*u - u = -b. Suppose t*x - 131 = 144. Is x a composite number?
True
Is (-3464)/(-12) - (24/9 - 3) a prime number?
False
Suppose 0 = 2*m + 5*u - 427, -2*m + 4*u + 299 + 119 = 0. Is m a composite number?
False
Let a = 569 - 123. Let u = a + -235. Is u a composite number?
False
Is (-9 + 10)*(-2 + 4 - -447) prime?
True
Let v(c) = -7*c**3 - 13*c**2 + 9*c - 22. Let z(r) = -4*r**3 - 6*r**2 + 5*r - 11. Let d(a) = -3*v(a) + 5*z(a). Let t be d(-9). Suppose 3*i - 13 = t. Is i prime?
False
Suppose -2*r - 2*r - 248 = 0. Let m = 127 + r. Is m prime?
False
Suppose 2*m - 6*s + 2*s = 4, 0 = -3*m - 3*s - 12. Let i(v) = -34*v - 3. Is i(m) a composite number?
True
Suppose -5*z + o = -0*o - 185, 2*o - 98 = -3*z. Suppose 4*m - 20 = z. Is m composite?
True
Let c be (-1)/(-3) + (-69)/(-9). Let r(l) = l**2 + 4*l - 9. Is r(c) a composite number?
True
Suppose 2*q - 3*q + 3*j = 106, 0 = 2*j - 4. Let c = -65 - q. Is c a composite number?
True
Let w be 3